{"id":127,"date":"2014-08-27T20:41:43","date_gmt":"2014-08-27T18:41:43","guid":{"rendered":"http:\/\/www.gablitzer.at\/?page_id=127"},"modified":"2023-04-12T10:17:45","modified_gmt":"2023-04-12T08:17:45","slug":"corma-der-keltentrunk","status":"publish","type":"page","link":"https:\/\/www.gablitzer.at\/?page_id=127","title":{"rendered":"Corma &#8211; Der Keltentrunk"},"content":{"rendered":"<h4><a href=\"http:\/\/www.gablitzer.at\/wp-content\/uploads\/2014\/08\/GB-03-CORMA16.png\"><img loading=\"lazy\" decoding=\"async\" class=\"alignleft size-medium wp-image-744\" src=\"http:\/\/www.gablitzer.at\/wp-content\/uploads\/2014\/08\/GB-03-CORMA16-82x300.png\" alt=\"GB 03 CORMA16\" width=\"82\" height=\"300\" srcset=\"https:\/\/www.gablitzer.at\/wp-content\/uploads\/2014\/08\/GB-03-CORMA16-82x300.png 82w, https:\/\/www.gablitzer.at\/wp-content\/uploads\/2014\/08\/GB-03-CORMA16-800x2913.png 800w, https:\/\/www.gablitzer.at\/wp-content\/uploads\/2014\/08\/GB-03-CORMA16-768x2796.png 768w, https:\/\/www.gablitzer.at\/wp-content\/uploads\/2014\/08\/GB-03-CORMA16-281x1024.png 281w, https:\/\/www.gablitzer.at\/wp-content\/uploads\/2014\/08\/GB-03-CORMA16.png 852w\" sizes=\"auto, (max-width: 82px) 100vw, 82px\" \/><\/a><\/h4>\n<p>Stammw\u00fcrze: 13,5\u00b0<\/p>\n<p style=\"padding-left: 30px;\">Alc.: 5,1%vol<\/p>\n<p style=\"padding-left: 30px;\">&#8222;Corma&#8220; war die keltische Bezeichnung f\u00fcr Bier. Heute ist es in der Gablitzer Privatbrauerei durch besondere Aromahopfen wie Styrian Golding und Hallertauer Comet sowie einer speziellen Rezeptur wieder auferstanden und bringt mit einem leicht w\u00fcrzigen Antrunk und einer angenehmen Hopfenbittere eine wunderbare Erg\u00e4nzung in der Reihe der unterg\u00e4rigen Saisonsorten.<\/p>\n<h4><\/h4>\n<h4><\/h4>\n<h4><strong>Preis \/ Flasche:<\/strong><\/h4>\n<p>0,33L Einwegflasche mit Kronkork \u20ac 1,90<\/p>\n<p><a href=\"https:\/\/shop.gablitzer.at\/products\/corma-der-keltentrunk\" target=\"_blank\" rel=\"noopener noreferrer\">Hier<\/a> gleich online bestellen!<\/p>\n<h4><\/h4>\n<h4><\/h4>\n<h4><\/h4>\n<h4><strong>Gebinde:<\/strong><\/h4>\n<p>6er-Tr\u00e4ger: \u20ac 11,40 zzgl. \u20ac 0,50 f\u00fcr den Karton-6er-Tr\u00e4ger<\/p>\n<p>24er Karten: \u20ac 45,60 Kiste zzgl. \u20ac 3,00 Leerkistenpfand<\/p>\n<p><em>Die oben angef\u00fchrten Preise verstehen sich inkl. Biersteuer und Mwst.<\/em><\/p>\n","protected":false},"excerpt":{"rendered":"<p>Stammw\u00fcrze: 13,5\u00b0 Alc.: 5,1%vol &#8222;Corma&#8220; war die keltische Bezeichnung f\u00fcr Bier. Heute ist es in der Gablitzer Privatbrauerei durch besondere Aromahopfen wie [&hellip;]<\/p>\n","protected":false},"author":1,"featured_media":0,"parent":11,"menu_order":0,"comment_status":"closed","ping_status":"open","template":"","meta":{"footnotes":""},"class_list":["post-127","page","type-page","status-publish","hentry"],"_links":{"self":[{"href":"https:\/\/www.gablitzer.at\/index.php?rest_route=\/wp\/v2\/pages\/127","targetHints":{"allow":["GET"]}}],"collection":[{"href":"https:\/\/www.gablitzer.at\/index.php?rest_route=\/wp\/v2\/pages"}],"about":[{"href":"https:\/\/www.gablitzer.at\/index.php?rest_route=\/wp\/v2\/types\/page"}],"author":[{"embeddable":true,"href":"https:\/\/www.gablitzer.at\/index.php?rest_route=\/wp\/v2\/users\/1"}],"replies":[{"embeddable":true,"href":"https:\/\/www.gablitzer.at\/index.php?rest_route=%2Fwp%2Fv2%2Fcomments&post=127"}],"version-history":[{"count":27,"href":"https:\/\/www.gablitzer.at\/index.php?rest_route=\/wp\/v2\/pages\/127\/revisions"}],"predecessor-version":[{"id":1501,"href":"https:\/\/www.gablitzer.at\/index.php?rest_route=\/wp\/v2\/pages\/127\/revisions\/1501"}],"up":[{"embeddable":true,"href":"https:\/\/www.gablitzer.at\/index.php?rest_route=\/wp\/v2\/pages\/11"}],"wp:attachment":[{"href":"https:\/\/www.gablitzer.at\/index.php?rest_route=%2Fwp%2Fv2%2Fmedia&parent=127"}],"curies":[{"name":"wp","href":"https:\/\/api.w.org\/{rel}","templated":true}]}}